hundreds digit of y(-4)?
4
Let s(n) = -n**3 + 22*n**2 - 40*n - 7. Let r be s(20). Let a be (12/r)/(28/(-6762)). Suppose 4*y = o + a, 5*y - 352 = 3*o + 162. What is the tens digit of y?
0
What is the hundreds digit of (1 + -7 + 7 + -2)/(1/(-896))?
8
What is the tens digit of -14*(9 - (-15470)/(-20))?
0
Let i(v) = 235*v**2 + 2*v + 40. What is the units digit of i(-5)?
5
Suppose 332*f - o - 207785 = 327*f, 3*f - 124664 = 2*o. What is the tens digit of f?
5
Suppose -4*y + 144 = -5*h - 357, -2*y - 5*h + 273 = 0. What is the hundreds digit of y?
1
Let r(s) = -16920*s + 226. What is the units digit of r(-2)?
6
Let n(o) = 3*o**2 - 6*o - 4. Let a be n(4). Suppose -45 = -3*h + 4*q, -a = -2*h + 2*q + 12. Suppose h = r - 97. What is the tens digit of r?
1
What is the units digit of 23/((-874)/(-25593))*56/6?
6
Let w(v) be the second derivative of 11*v + 8/3*v**3 + v**2 + 0. What is the tens digit of w(6)?
9
Suppose 17044 = 3*a + 4*u, -5*a + 1657 = -5*u - 26738. Suppose -9*f + a + 2042 = 0. What is the tens digit of f?
5
Suppose 13*x - 14*x = 5*s - 8799, x - 8798 = -4*s. What is the units digit of x?
4
Let l = 1225 - 820. Let f = 977 - l. What is the hundreds digit of f?
5
Let d = -26 + 47. Suppose 0 = -6*x - x + d. Suppose -4*r - 2*g + 26 = 0, -x*r - 4*g = r - 28. What is the units digit of r?
6
Let b(y) = 66636*y**2 - 41*y - 13. What is the units digit of b(1)?
2
Let f = 17 + -24. Let w be 0/2 - (f - 5). Suppose w = 3*c - 213. What is the tens digit of c?
7
What is the ten thousands digit of 273/(1 + 2300/(-2310))?
6
Suppose 3*a - 5 = -5*y, 4*y = -0*y - 20. Suppose -3*r = -4*r + a. Let q(g) = 3*g**2 - 21*g - 8. What is the units digit of q(r)?
2
Let c be (-15)/2 + 24/(-48). Let t = -5 - c. Suppose 5*u - 621 = t*r, -2*r = -3*u + 4*u - 119. What is the units digit of u?
3
What is the ten thousands digit of 118229/2 - (-7 - (-627)/66)?
5
Suppose 275 = s - g + 6, -5*s + 1339 = -3*g. Let h = -180 + s. What is the tens digit of h?
8
Let y(z) be the second derivative of 13*z**5/10 + z**4/12 - z**3/2 + 2*z**2 - 32*z - 1. What is the units digit of y(2)?
0
Let l be (-29)/29 + 3191 + -2. Suppose 12*s + 56 = l. What is the units digit of s?
1
Suppose 3*r = 16 - 61. What is the hundreds digit of (5/r*38)/((-2)/33)?
2
Suppose -2*s - 16 + 22 = 0. Let o = 81 - -8. What is the units digit of (-1 - (0 + s)) + 2 + o?
7
Let f(o) = 19*o**3 - 10*o**2 + o - 5. Let a be f(3). Let z = -60 + a. What is the units digit of z?
1
Let f(o) be the second derivative of 7*o**3/6 + 103*o**2 - 79*o. What is the hundreds digit of f(0)?
2
Let r = 9208 + 3561. What is the tens digit of r?
6
Let f(t) = 11508*t**3 - 35*t**2 + 34*t - 1. What is the hundreds digit of f(1)?
5
Let i = -123 + 212. Suppose 4*c - i = -69. Let z(t) = 13*t - 19. What is the units digit of z(c)?
6
Suppose 0 = -i + g + 6122, 2*i - 4*g = 3608 + 8636. What is the thousands digit of i?
6
Let i = 22 + -18. Suppose i = -5*j + 9. Let k(t) = 56*t**2 + 2*t - 1. What is the units digit of k(j)?
7
Suppose 0 = 2*j - 5*c - 60938, -5*j - 7613 = -7*c - 160002. What is the hundreds digit of j?
4
Suppose 5*d = 25, d - 5*d + 22 = t. Suppose -4*r - 46 = -2*u, -7 = 2*r + t*u + 1. What is the units digit of (-22)/((r/(-6))/(-3))?
4
Suppose -10 = 5*g, -7 = -3*l + 6*g - g. Let k be (3 - (-3 + 0)) + l. Suppose k*m + 148 = 6*m. What is the units digit of m?
8
What is the units digit of (18/24 + (-66)/(-40))/((-27)/(-4950))?
0
Suppose 5*l = -6*l + 110. Let u(o) = -11 - o**2 + 0 - 8*o - l + 24*o. What is the tens digit of u(12)?
2
Suppose -7*u + 3878 = 7*u. Suppose -3*i + 449 = 3*p - u, 4*i = -p + 980. What is the hundreds digit of i?
2
Let j(m) = 4*m + 65. Let p be j(-16). Let q be 39/(-26)*(1 + p) - -1158. Suppose -6*n - n + q = 0. What is the units digit of n?
5
Suppose -1230 - 570 = -4*a. Let f = 79 + a. What is the hundreds digit of f?
5
Let o(c) = 49*c**2 + 67*c + 39. Let p(t) = 12*t**2 + 17*t + 10. Let s(m) = -2*o(m) + 9*p(m). What is the hundreds digit of s(-10)?
8
Let n = -135 + 140. Suppose 10 = n*j + 20, 103 = o + j. What is the tens digit of o?
0
Suppose 4*k + 15805 = -34267. Let a(o) = -14*o - 174. Let r be a(-12). What is the units digit of r/(-14) - k/77?
3
Let g = 211 - 113. Let q = 103 + g. What is the tens digit of q?
0
Let o(t) = 9*t**3 + 33*t**2 + 27*t - 8. Let j(q) = 5*q**3 + 16*q**2 + 13*q - 4. Let n(c) = 5*j(c) - 3*o(c). What is the tens digit of n(-10)?
6
Let h(c) = 1538*c + 275. What is the hundreds digit of h(14)?
8
Suppose -s - 5 - 1 = 0. Let k be 10 - (-193 + -5 + -2). What is the tens digit of k/(-28)*8/s?
1
Let d = 1594 - -843. What is the hundreds digit of d?
4
Let a be (-92)/(-16)*-12*(-4 - -1). Suppose -5*f = -0*f - o - 939, f - 5*o = a. What is the units digit of f - (8/16)/((-2)/8)?
9
Let r(h) = -2*h**3 + 9*h**2 - 4*h + 10. Let b be r(4). Let q(p) = -1 + 18 - 24*p + b*p + 4. What is the units digit of q(-3)?
3
Suppose -9*g - 491 = -167. What is the tens digit of (3 - g)*22/33?
2
Suppose 0 = -0*x + 5*x + 4*j - 850, 5*x - 5*j = 850. Suppose -164*z = -x*z + 11244. What is the thousands digit of z?
1
Let c(m) be the first derivative of -m**4/4 - 2*m**3/3 - 7*m**2/2 - m + 45. What is the tens digit of c(-5)?
0
Let o(p) = 20*p - 17. Let s = -22 + 29. Suppose -s + 3 = -k. What is the units digit of o(k)?
3
Let p be ((-144)/3)/(-6 + 5). Suppose j - 55 - p = 0. Suppose -423 = -5*l - j. What is the tens digit of l?
6
Let p be -6 + ((-168)/(-4))/7. Suppose p = -5*s - 411 + 5776. What is the hundreds digit of s?
0
Suppose 4*f + f - 27685 = 4*w, 0 = -0*w + 3*w. What is the tens digit of f?
3
What is the units digit of ((-272464)/48)/((-2)/6)?
9
Let p(m) be the first derivative of -56*m**2 - 13*m - 27. Let a be p(-7). Suppose 0 = -3*o - 0*s - 5*s + 574, 4*o - a = -s. What is the hundreds digit of o?
1
Let v(z) be the third derivative of z**4/8 - 25*z**3/6 + 12*z**2. Let l be v(10). Suppose l*h - 235 = y, -5*h = y - 176 - 49. What is the units digit of h?
6
Suppose y - 6*y + 25 = 5*v, 0 = 3*y - 6. Suppose 0 = -v*k + 238 + 53. Let j = k - 41. What is the units digit of j?
6
Let q(o) = o**3 + 41*o**2 + 2*o + 381. What is the tens digit of q(-39)?
4
What is the hundreds digit of (-22)/(-143) + 282/(-312) + 1154727/36?
0
Let v(w) = 4 - 3*w + 3 - 3 + w. Let y be v(1). Suppose d - y + 0 = 0. What is the units digit of d?
2
What is the tens digit of (-2691)/(-6)*(-460)/(-30)?
7
Let m(t) = -96*t - 764. What is the thousands digit of m(-39)?
2
Let d be -5 - (-2 - (-1 + -1)). Suppose -3*p = a + 2, 22*p + 2 = 3*a + 27*p. What is the units digit of 0/1 + 0 - (d + a)?
1
Suppose -1195 - 554 = -3*h. Suppose -h = -4*s + c, 3*s - 3*c - 171 = 255. What is the tens digit of s?
4
Let w = 16400 - 8704. What is the hundreds digit of (-6)/(-30) - (w/(-20) - 0)?
3
Let x(j) be the third derivative of 11*j**5/120 - 7*j**4/24 - 2*j**3 + 2*j**2. Let s(g) be the first derivative of x(g). What is the units digit of s(6)?
9
Let d(g) = -g**3 + 8*g**2 - g - 9. Let t(z) = 4*z**3 - 24*z**2 + 4*z + 27. Let s(w) = 7*d(w) + 2*t(w). Let c be s(-7). What is the units digit of 6/4*154/c?
7
Suppose 4*i + 92 = -108. Let p = 60 + i. Suppose -5*x = -p*x + 605. What is the tens digit of x?
2
Let b = -4288 - -6940. What is the units digit of b?
2
Suppose -a - 5*u - 3003 = -2*a, 4*u = -2*a + 5922. What is the units digit of a?
3
Let p = 245 + -243. Suppose -p*v = -4*w + 14, 2*w + v + 4*v = -11. What is the units digit of w?
2
Suppose 126*x + 5150 = 24851 + 15957. Let u(f) = -40*f + 4. Let d be u(5). Let z = x + d. What is the units digit of z?
7
Let t(m) be the third derivative of m**5/60 + m**4/4 + 11*m**3/2 - 476*m**2. Let j = -16 - -10. What is the units digit of t(j)?
3
Let z(q) = -q + 6. Let m be 30/9*(-3)/(-2). Let x be z(m). What is the units digit of 33 - ((-2 - -1)*x - -4)?
0
Suppose -56*h - 207 = 86 - 69. Let l(a) = a**3 + a**2 - a + 1. Let b(v) = 7*v**3 + 10*v**2 - 9*v + 6. Let c(i) = b(i) - 6*l(i). What is the units digit of c(h)?
2
Let f(m) = m**2 - 7*m - 42. Let l be f(10). Suppose -267 = u + 137. What is the hundreds digit of u*(-1)/3*(-18)/l?
2
Let u(l) = -295*l - 111. Suppose -5*y + 24 = -9*y. What is the units digit of u(y)?
9
Let l = -3492 - -5386. What is the thousands digit of l?
1
Let g = -2 - -40. Suppose 0 = -g*h + 33*h + 260. Suppose 117 = -51*